 - 1134 = -t, -5*t + j = -m. What is the units digit of t?
3
Let k(i) = 3*i - 16. Let x be k(5). Let o be (-2 - 298)/3*x. Let z = 142 - o. What is the units digit of z?
2
Let i(l) = l**2 + 8*l - 7. Let t be i(2). Suppose 1656 = -9*r + t*r. What is the hundreds digit of r?
4
Let f be (1210/(-3))/(0 + (-2)/(-6)). Let q = f - -2019. What is the hundreds digit of q?
8
Let b(t) = 5992*t + 1174. What is the units digit of b(6)?
6
Suppose -42*b + 47*b = -60. Let p = -30 + b. What is the hundreds digit of ((-14)/p)/(2/1398)?
2
Let z(q) = -q**2 - 22*q - 3. Let y be z(-17). Suppose -3*o = -o - y. Suppose 2*d = o + 15. What is the tens digit of d?
2
Let u(m) = -9*m + 14. Let k be u(8). Let j = k - -131. Suppose 0 = f - 4*w - j, f = -4*w + 74 - 1. What is the tens digit of f?
7
Suppose -t - 2*l - 12780 = -4*t, 0 = -8*l. What is the tens digit of t?
6
Let p(a) = -2*a**3 + a**2 - 6*a + 6. Let q be p(1). What is the units digit of 172 + (-5 + q + 4)/1?
0
Let d be ((-24)/6)/((2 - 3) + -1). Suppose 51 = u + t, -d*t - 223 - 67 = -5*u. What is the units digit of u?
6
Let j = 13211 - -7816. What is the units digit of j?
7
Let y(j) = 53*j - 7. Let h(b) = -26*b - 4 - 9 + 94*b + 38*b. Let x(k) = 4*h(k) - 7*y(k). What is the units digit of x(2)?
3
Let l(w) = -2*w + 38. Let j be l(-11). Suppose -61*h = -j*h - 205. What is the hundreds digit of h?
2
Let z = -92 - -571. Suppose z = -5*q + 4109. What is the units digit of q?
6
Let t = -12894 - -30256. What is the hundreds digit of t?
3
Suppose 0 = 3*u + 5*o - 9*o - 8, u + 2*o = -4. Suppose -5*w = -5*g + 6035, 4*g + w + 3*w - 4868 = u. Suppose 3*y = 9*y - g. What is the hundreds digit of y?
2
Suppose -3124*z + 3105*z = -602376. What is the hundreds digit of z?
7
Suppose -385 - 303 = -c. Suppose 16 = -3*a + 19, -1435 = -3*z + 2*a. Let g = c - z. What is the units digit of g?
9
Let z(v) = -32*v**3 + 51*v**2 - 46*v - 88. What is the tens digit of z(-13)?
3
Let u = -143 + 148. Suppose 0 = -11*h + u*h + 3084. What is the units digit of h?
4
Let w = -31 + -29. Let j = 83 + w. Suppose -j = -8*s + 57. What is the units digit of s?
0
Let t = -959 + 1880. Let v = -233 + t. What is the hundreds digit of v?
6
Suppose 5*a - 18 = 12. Let x = 176 - 171. Suppose -x*l + a*l = 72. What is the units digit of l?
2
Let f(m) = -52*m**2 - 3*m - 9. Let l(r) = -51*r**2 - 3*r - 8. Let z(k) = -3*f(k) + 2*l(k). What is the hundreds digit of z(-2)?
2
Let b = 37679 + -17659. What is the ten thousands digit of b?
2
Let u(l) = 236*l**3 - l**2 + 53*l - 148. What is the tens digit of u(3)?
7
Let b(w) = -w**3 - 10*w**2 + 17*w - 20. Let n(t) = -2*t**3 + 23*t**2 + 3*t - 4. Let h be n(12). Let z = h - -100. What is the tens digit of b(z)?
6
Suppose -13*q + 44 + 99 = 0. Let a(y) = y**3 - 11*y**2 + 14*y + 12. What is the units digit of a(q)?
6
What is the units digit of (72/20)/6 - 1/(5/(-7407))?
2
Let g = 8054 - 2899. What is the hundreds digit of g?
1
Suppose 2*p - 37322 = -3*h, -2*h - 2109*p + 24900 = -2110*p. What is the ten thousands digit of h?
1
Let v = -9 + 7. Let d be v + -5 - (-2 - -4). What is the units digit of d/((-4)/(-4)*-2)*4?
8
Let j = 176 - 171. Suppose j*r + 209 = 1179. What is the units digit of r?
4
What is the units digit of ((-99765)/(-18)*-1)/(2/(-4))?
5
Let v be 4 - (15 - (4 + -4)). Let a = v + 24. Suppose -3*t + a = 10. What is the units digit of t?
1
Let j = -88 + 99. Suppose -j*h = -h + 40. What is the units digit of -4 - (2 + h) - -14?
2
What is the hundreds digit of 26934 + 49*3/21 - (0 + -3)?
9
Suppose 34*a = 23*a + 40029. Suppose -6*o + 9*o - a = 0. What is the tens digit of o?
1
Let a(d) = -9*d**2 - 3*d + 6860. What is the tens digit of a(0)?
6
Suppose 2*v + v = -4*j + 70, 2*j = -v + 36. Suppose -5132 = j*k - 35779. What is the thousands digit of k?
1
Suppose 2*r - 26 = 2*m, -r - 4*m = -1 + 3. What is the units digit of (-2)/r + 11891/55?
6
Suppose 4*x + 1 - 8 = t, x = t + 4. What is the tens digit of 355 + (-5 - (x - 4))?
5
Let c(l) = 4*l + 18. Suppose m = -3*m. Let r be c(m). Suppose 51*u = 49*u + r. What is the units digit of u?
9
Suppose 6*f - 8 = 28. Suppose f*a - 10 = 26. Suppose -a*m = -0*m - 780. What is the units digit of m?
0
Suppose -2*y + 365 = 3*y + 5*n, -5*n = -y + 91. Suppose -t - 195 = -5*i, 3*t = 5*i - 281 + y. Suppose -i = 5*r - 48. What is the units digit of r?
2
Let y = 82 - 82. Let z be (5 + y + -1)*2/4. Suppose z*b - 156 = -0*b. What is the tens digit of b?
7
Suppose -792528 = 196*a - 460*a. What is the thousands digit of a?
3
Let b = 8035 + -473. What is the tens digit of b?
6
Let a(m) = -340*m - 749. What is the tens digit of a(-13)?
7
Let c be 2/(2/2887) + (-13)/(-13). Suppose 4*b - 2*n = c, 3*b + 2*n = 8*b - 3612. What is the tens digit of b?
2
Suppose -x - 3*z - 497 = 154, 2*z = -5*x - 3307. Let d = 1085 + x. What is the tens digit of d?
2
Suppose -61*q + 39*q + 485050 = 67*q. What is the units digit of q?
0
What is the units digit of 756*(7 - (-2 - (-165)/35))?
0
Suppose -8 = -2*j - 32. Suppose 12*o + 28 = 2*t + 8*o, 0 = -2*t - 3*o - 14. What is the units digit of t - (-9)/j - 5/20?
1
Suppose 1103193 + 1269607 = 64*z. What is the hundreds digit of z?
0
Let h be 11 + 0/3 - 3. Suppose -3*j = 10 + h. What is the units digit of ((-4)/j)/(5/2205*3)?
8
Let x = 2392 - -5784. What is the tens digit of x?
7
Suppose 4222 = d + 3*n, 93*d = 98*d + 2*n - 21162. What is the tens digit of d?
3
Let s = 118 + -120. Let a be ((-10)/(-10))/(s + 239/119). Suppose 3*p + a = 143. What is the units digit of p?
8
Suppose i + 2*p - 4*p = 739, 4*i - p - 2921 = 0. Suppose 2*y = 5*s - i, -3*s - y = -5*s + 292. What is the units digit of s?
5
Let p(m) = -14*m + 1470. What is the thousands digit of p(-66)?
2
What is the hundreds digit of -19*4694/(-7) - (-44)/308?
7
Let v = -10575 - -14864. What is the thousands digit of v?
4
Suppose 0 - 7 = -4*g + u, u = -g + 3. Suppose -x + 568 = g*j, 0*x - 3*j = -2*x + 1108. What is the units digit of x?
0
Suppose 18*j + 0*j + 44208 = 0. What is the hundreds digit of j/(-10)*40/16?
6
Let n(q) = 14*q**2 + 2*q - 2. Let k be ((-20)/70)/((-16)/14 + 1). Suppose k*g - 27 = -7*g. What is the units digit of n(g)?
0
Suppose 3*g = 3*c - 51942, 0 = -4*c - 166*g + 165*g + 69286. What is the hundreds digit of c?
3
Suppose 2*q = g + 1812, 8*q - 5*q - 2744 = -5*g. Let c = q - 629. What is the hundreds digit of c?
2
Suppose 3 = h + 5*t, 4*h - 12*t - 12 = -16*t. What is the hundreds digit of ((-84)/(-56))/(h/1314)?
6
Suppose 0*g = -g - 2*u + 113, -u - 510 = -5*g. Let n = 715 - g. What is the hundreds digit of n?
6
Suppose -5*g + 5*a + 37350 = 0, -5*g - 19*a = -20*a - 37342. What is the hundreds digit of g?
4
Suppose -98*r - 34134 = -99*r + 5*d, 0 = 2*r - d - 68250. What is the thousands digit of r?
4
What is the units digit of ((-5984)/(-110))/((-2097)/420 + 5)?
6
Let k(w) = -16*w**2 - 15*w + 27. Let f(r) = 5*r + 9. Let c be f(2). Let a be k(c). What is the units digit of a/(-35) - 6/15?
2
Suppose 4*f + 4*r - 21780 = 0, 0 = 2*f + 14*r - 17*r - 10900. What is the hundreds digit of f?
4
Let h(z) = 13*z**2 - 10*z + 140. What is the units digit of h(-23)?
7
What is the units digit of ((-51)/(-9))/(6*(-13)/(-1268748))?
4
Let q be (8 - (-129)/3)/((-6)/16). Let s = q + 277. What is the units digit of s?
1
Suppose 4*b + 45 = 19*b. Let r(u) = 37*u**2 - 6*u - 2. What is the units digit of r(b)?
3
Let g(v) be the first derivative of -v**3/3 - v**2/2 + 6. Let j(f) = 4*f**2 + 19*f + 12. Let o(s) = 3*g(s) + j(s). What is the tens digit of o(-17)?
2
Let p be (-1515)/(-9) - 5/15. Let w = p + 85. What is the hundreds digit of w?
2
Let j be ((-6)/14)/(8/(-56)). Let h(b) = -4*b**2 - 19*b - 32. Let p(i) = 5*i**2 + 20*i + 33. Let d(y) = j*p(y) + 4*h(y). What is the units digit of d(-10)?
1
Suppose 10 = 2*k, 1156*w + 3*k + 5418 = 1157*w. What is the tens digit of w?
3
What is the units digit of 467 - ((48/(-44))/12 - 56/(-11))?
2
Let u = -307 - -311. Suppose -3*l - t + 728 = 0, u*t + 726 = 3*l + 7*t. What is the tens digit of l?
4
Let v = 4 - 6. What is the tens digit of ((-36)/14 - v) + (-2797)/(-7)?
9
Let k be (-64)/1*-14 + -2. Let j(s) = -8*s - 248. Let n be j(-31). Suppose 4*w - k + 66 = n. What is the units digit of w?
7
Let c be 43 + -3 + 3 + -3. Let f = c + 99. Let n = -69 + f. What is the units digit of n?
0
Let t(w) be